{"id":24,"date":"2021-12-08T10:55:36","date_gmt":"2021-12-08T09:55:36","guid":{"rendered":"http:\/\/ophtaviaduc.fr\/?page_id=24"},"modified":"2022-01-25T15:05:12","modified_gmt":"2022-01-25T14:05:12","slug":"praticien","status":"publish","type":"page","link":"https:\/\/ophtaviaduc.fr\/?page_id=24","title":{"rendered":"Praticien"},"content":{"rendered":"\n<p>Le centre ophtalmologique est compos\u00e9 de plusieurs patricien<\/p>\n\n\n\n<p><strong>Docteur Annie VIDAL<\/strong><br>Exp\u00e9riences : Praticien hospitalier &#8211; CHG &#8211; MendeInterne &#8211; H\u00f4pital &#8211; Paris<br>Prix et distinctions : Laur\u00e9ate de la Facult\u00e9 de M\u00e9decine &#8211; Paris<br>Tarifs : Consultation simple 30\u20ac \u00e0 50\u20ac<br>Secteur 1 optam = des d\u00e9passements sont appliqu\u00e9s, rembours\u00e9 (ou pas) selon les compl\u00e9mentaires de 0 \u00e0 30\u20ac<br>Consultation vid\u00e9o : 30\u20ac<\/p>\n\n\n\n<p><br><strong>Docteur Pascal HERVE<\/strong><br>A remplir<\/p>\n\n\n\n<p><strong>TASO \u00ab\u00a0Technicienne Aide-Soignante en Ophtalmologie\u00a0\u00bb Sophie HERVE<\/strong><\/p>\n\n\n\n<p><strong>Orthoptiste Pascale BOULET<\/strong><br>A remplir<\/p>\n\n\n\n<p><strong>Orthoptiste :<\/strong><br>M\u00e9lodie<br>Carlyne<\/p>\n\n\n\n<p><strong>Assistante M\u00e9dicale :<\/strong><br>Aurore<br>Carole<br>Fatima<br>Nathalie<\/p>\n\n\n\n<p><strong>Sophrologue<\/strong> :<br>Carole<\/p>\n\n\n\n<p><\/p>\n\n\n\n<p><\/p>\n\n\n\n<p><\/p>\n\n\n\n<p><\/p>\n","protected":false},"excerpt":{"rendered":"<p>Le centre ophtalmologique est compos\u00e9 de plusieurs patricien Docteur Annie VIDALExp\u00e9riences : Praticien hospitalier &#8211; CHG &#8211; MendeInterne &#8211; H\u00f4pital &#8211; ParisPrix et distinctions : Laur\u00e9ate de la Facult\u00e9 de &#8230;<\/p>\n","protected":false},"author":1,"featured_media":0,"parent":0,"menu_order":0,"comment_status":"closed","ping_status":"closed","template":"","meta":[],"_links":{"self":[{"href":"https:\/\/ophtaviaduc.fr\/index.php?rest_route=\/wp\/v2\/pages\/24"}],"collection":[{"href":"https:\/\/ophtaviaduc.fr\/index.php?rest_route=\/wp\/v2\/pages"}],"about":[{"href":"https:\/\/ophtaviaduc.fr\/index.php?rest_route=\/wp\/v2\/types\/page"}],"author":[{"embeddable":true,"href":"https:\/\/ophtaviaduc.fr\/index.php?rest_route=\/wp\/v2\/users\/1"}],"replies":[{"embeddable":true,"href":"https:\/\/ophtaviaduc.fr\/index.php?rest_route=%2Fwp%2Fv2%2Fcomments&post=24"}],"version-history":[{"count":7,"href":"https:\/\/ophtaviaduc.fr\/index.php?rest_route=\/wp\/v2\/pages\/24\/revisions"}],"predecessor-version":[{"id":134,"href":"https:\/\/ophtaviaduc.fr\/index.php?rest_route=\/wp\/v2\/pages\/24\/revisions\/134"}],"wp:attachment":[{"href":"https:\/\/ophtaviaduc.fr\/index.php?rest_route=%2Fwp%2Fv2%2Fmedia&parent=24"}],"curies":[{"name":"wp","href":"https:\/\/api.w.org\/{rel}","templated":true}]}}